12 is divided by 104?
100
What is the remainder when 832325 is divided by 21?
11
What is the remainder when 660363 is divided by 42?
39
What is the remainder when 287291 is divided by 89?
88
Calculate the remainder when 1849 is divided by 1798.
51
What is the remainder when 68073 is divided by 49?
12
What is the remainder when 4312 is divided by 1826?
660
What is the remainder when 1116 is divided by 550?
16
What is the remainder when 161 is divided by 124?
37
Calculate the remainder when 27296 is divided by 306.
62
What is the remainder when 3217077 is divided by 323?
320
What is the remainder when 655588 is divided by 123?
121
Calculate the remainder when 91663 is divided by 45.
43
Calculate the remainder when 20514 is divided by 154.
32
What is the remainder when 40860 is divided by 67?
57
Calculate the remainder when 3292 is divided by 385.
212
What is the remainder when 119969 is divided by 6?
5
What is the remainder when 5584 is divided by 159?
19
What is the remainder when 148070 is divided by 33?
32
Calculate the remainder when 280 is divided by 78.
46
Calculate the remainder when 48039 is divided by 364.
355
Calculate the remainder when 1318 is divided by 282.
190
What is the remainder when 11831 is divided by 5855?
121
Calculate the remainder when 216688 is divided by 83.
58
Calculate the remainder when 2846 is divided by 2795.
51
What is the remainder when 64996 is divided by 100?
96
What is the remainder when 45941 is divided by 1392?
5
What is the remainder when 189594 is divided by 15797?
30
What is the remainder when 558 is divided by 36?
18
Calculate the remainder when 246239 is divided by 1080.
1079
What is the remainder when 19762 is divided by 9853?
56
Calculate the remainder when 48996 is divided by 188.
116
Calculate the remainder when 6826 is divided by 1137.
4
Calculate the remainder when 2782 is divided by 1331.
120
Calculate the remainder when 24515 is divided by 701.
681
What is the remainder when 8135 is divided by 692?
523
What is the remainder when 1123 is divided by 185?
13
Calculate the remainder when 26834 is divided by 5363.
19
Calculate the remainder when 8197 is divided by 55.
2
What is the remainder when 510956 is divided by 210?
26
What is the remainder when 989 is divided by 406?
177
What is the remainder when 149401 is divided by 112?
105
What is the remainder when 2374 is divided by 417?
289
Calculate the remainder when 39848 is divided by 25.
23
What is the remainder when 95508 is divided by 47740?
28
Calculate the remainder when 52753 is divided by 52725.
28
Calculate the remainder when 13630 is divided by 2704.
110
Calculate the remainder when 5400 is divided by 2691.
18
What is the remainder when 611839 is divided by 640?
639
Calculate the remainder when 19040 is divided by 6341.
17
What is the remainder when 31393 is divided by 60?
13
Calculate the remainder when 6533 is divided by 297.
296
Calculate the remainder when 35606 is divided by 17800.
6
What is the remainder when 161757 is divided by 240?
237
What is the remainder when 2112 is divided by 27?
6
Calculate the remainder when 2306156 is divided by 48.
44
Calculate the remainder when 246186 is divided by 413.
38
What is the remainder when 8903 is divided by 803?
70
What is the remainder when 3035 is divided by 338?
331
What is the remainder when 67038 is divided by 80?
78
Calculate the remainder when 83871 is divided by 105.
81
Calculate the remainder when 20928 is divided by 23.
21
Calculate the remainder when 4978 is divided by 86.
76
Calculate the remainder when 105729 is divided by 33.
30
Calculate the remainder when 569697 is divided by 27.
24
What is the remainder when 12152 is divided by 481?
127
Calculate the remainder when 194394 is divided by 64714.
252
Calculate the remainder when 60801 is divided by 1961.
10
Calculate the remainder when 6902 is divided by 761.
53
Calculate the remainder when 25503 is divided by 4247.
21
What is the remainder when 800 is divided by 784?
16
What is the remainder when 1104416 is divided by 220881?
11
What is the remainder when 38558 is divided by 12827?
77
What is the remainder when 84164 is divided by 1026?
32
Calculate the remainder when 1754216 is divided by 338.
334
What is the remainder when 27666 is divided by 4605?
36
Calculate the remainder when 21455 is divided by 311.
307
What is the remainder when 9185 is divided by 526?
243
What is the remainder when 196943 is divided by 237?
233
Calculate the remainder when 11163 is divided by 31.
3
What is the remainder when 425890 is divided by 1260?
10
What is the remainder when 70885 is divided by 1564?
505
What is the remainder when 762431 is divided by 95303?
7
What is the remainder when 78158 is divided by 6012?
2
Calculate the remainder when 18975 is divided by 997.
32
Calculate the remainder when 112504 is divided by 37501.
1
Calculate the remainder when 19308 is divided by 621.
57
What is the remainder when 8211 is divided by 451?
93
What is the remainder when 319051 is divided by 31?
30
What is the remainder when 569684 is divided by 799?
796
What is the remainder when 27061 is divided by 13438?
185
What is the remainder when 617 is divided by 126?
113
Calculate the remainder when 131139 is divided by 26.
21
Calculate the remainder when 17601 is divided by 171.
159
What is the remainder when 108379 is divided by 397?
395
Calculate the remainder when 14927 is divided by 1658.
5
What is the remainder when 742 is divided by 362?
18
Calculate the remainder when 1010 is divided by 5.
0
Calculate the remainder when 120864 is divided by 1152.
1056
Calculate the remainder when 49948 is divided by 5.
3
What is the remainder when 1333296 is divided by 3546?
0
Calculate the remainder when 497 is divided by 492.
5
What is the remainder when 8063 is divided by 3?
2
What is the remainder when 8660 is divided by 31?
11
Calculate the remainder when 3115118 is divided by 92.
90
What is the remainder when 3671 is divided by 18?
17
What is the remainder when 312344 is divided by 59?
57
What is the remainder when 5659 is divided by 2724?
211
What is the remainder when 4721 is divided by 53?
4
Calculate the remainder when 176110 is divided by 344.
326
What is the remainder when 520050 is divided by 26?
24
What is the remainder when 10094 is divided by 1114?
68
Calculate the remainder when 2461 is divided by 178.
147
What is the remainder when 198381 is divided by 15?
6
Calculate the remainder when 263691 is divided by 167.
165
What is the remainder when 91240 is divided by 2851?
8
Calculate the remainder when 115026 is divided by 710.
6
What is the remainder when 20014 is divided by 5?
4
What is the remainder when 14111 is divided by 3524?
15
What is the remainder when 970690 is divided by 485342?
6
Calculate the remainder when 14336 is divided by 71.
65
Calculate the remainder when 825 is divided by 129.
51
What is the remainder when 9757 is divided by 2411?
113
Calculate the remainder when 1037677 is divided by 119.
116
Calculate the remainder when 183680 is divided by 191.
129
What is the remainder when 131712 is divided by 13?
9
Calculate the remainder when 191609 is divided by 38321.
4
What is the remainder when 4202 is divided by 175?
2
What is the remainder when 54380 is divided by 48?
44
Calculate the remainder when 13976 is divided by 561.
512
What is the remainder when 357682 is divided by 26?
0
Calculate the remainder when 10582 is divided by 79.
75
Calculate the remainder when 409 is divided by 169.
71
Calculate the remainder when 665923 is divided by 14.
13
Calculate the remainder when 523 is divided by 193.
137
What is the remainder when 8616 is divided by 318?
30
Calculate the remainder when 80155 is divided by 40071.
13
Calculate the remainder when 62789 is divided by 3139.
9
What is the remainder when 3117 is divided by 17?
6
Calculate the remainder when 97606 is divided by 610.
6
What is the remainder when 11807 is divided by 408?
383
Calculate the remainder when 229957 is divided by 1257.
1183
What is the remainder when 157175 is divided by 103?
100
Calculate the remainder when 24486 is divided by 612.
6
Calculate the remainder when 5724 is divided by 1873.
105
Calculate the remainder when 115579 is divided by 10506.
13
Calculate the remaind